 (-6)/(6/2). Suppose -40 = -9*r + 4*r. Let u(x) = 9*x - r*x + 0 + 7 + 0. Determine u(l).
7
Let a = 57 - 57. Suppose z - 4*l - 16 = 0, a*z + 5*l = 2*z - 23. Let u(y) = y**3 - 5*y**2 + y + 5. Determine u(z).
-7
Let s(k) = 378*k - 377*k + 5 + 11. What is s(-10)?
6
Let g(i) = -i**3 - 5*i**2 + 4*i + 4. Let y(s) = -4*s**2 - 17*s - 10. Let f be y(-4). Calculate g(f).
16
Suppose 3*d - 9 = -3*t + 3, 3*t = 3*d. Let f(i) = 3*i - 2 - 10*i**t + 13*i**2 + 0. Let s(x) = x**3 + 3*x**2 - 6*x - 6. Let b be s(-4). Determine f(b).
16
Suppose 5*s - 4*k + 23 = -7*k, 0 = -k - 1. Let q(g) = 2*g**2 - 6*g - 1. What is q(s)?
55
Suppose -21 + 56 = 5*b. Suppose -12*t = -b*t + 30. Let k(m) = m - 3. What is k(t)?
-9
Suppose -4*d = 4, -i - 2*i - 16 = 4*d. Let p = 6 + i. Let h(u) = 1 + 10*u - 12*u + p. Calculate h(4).
-5
Let t(u) be the third derivative of -5*u**4/8 + 2*u**3/3 - 52*u**2 - 2. Calculate t(4).
-56
Let f(a) be the first derivative of -4*a**4 - a**3/3 - a**2/2 - a - 45. Give f(-1).
15
Let k(l) = -3*l + 4. Let x be k(3). Let b(q) = -2*q**3 - 2*q**2 - 2*q + 1. Let m(i) = 11*i**3 + 17*i**2 + 17*i - 5. Let y(s) = -5*b(s) - m(s). What is y(x)?
-15
Let a(r) be the first derivative of r**4/2 + 2*r**3/3 - r**2 - 2*r + 97. What is a(2)?
18
Let n(r) = r**3 - 8*r**2 + 6*r + 8. Let v = -43 - -44. Let u be 7/(1/v) - 0. What is n(u)?
1
Let n be 1 + 3 - (3 + -2)*0. Let d(r) = -2*r + 14 - 8 - n*r - 2*r**2. Give d(-5).
-14
Let f(a) be the first derivative of -a**3/3 - 4*a**2 - 9*a + 2. Let t be (-33)/5 - 28/70. Let w be f(t). Let d(y) = -7*y. Calculate d(w).
14
Let n(c) = 11*c**2 + 13*c - 6. Let y(t) = 7*t**2 + 10*t - 5. Let b(l) = 2*n(l) - 3*y(l). Let z(f) = -f + 1. Let w be z(-2). What is b(w)?
0
Let g(y) = -25*y - 11. Let u(m) = 6*m. Let v(c) = g(c) + 4*u(c). Determine v(-9).
-2
Let z be (-3)/2 - (-3)/(-18)*3. Let l be -2 + (z/4)/(5/(-90)). Let h(q) = -q**3 + 7*q**2 - 2*q + 10. Determine h(l).
-4
Suppose -5*l - 3 = 7. Let w be 4*2/4*l. Let r be (12/8)/(2/w). Let x(t) = 5*t + 3. Calculate x(r).
-12
Let z(j) = -j**2 - 1. Let y(k) = 2*k**2 + k + 1. Let h(b) = 3*y(b) + 5*z(b). Let p(a) = 2*a**2 - 27*a + 33. Let v be p(12). Determine h(v).
-2
Let y(p) = -p**3 - 5*p**2 + 4*p + 6. Let r(t) = -t**2 - 9*t - 5. Suppose -3*s - 42 = -3*g, -5*s - 2*g + g - 40 = 0. Let q be r(s). Determine y(q).
-14
Let g be (1 - 7)/((-48)/128). Suppose 54 = 5*f - 2*r - 19, 4*r + g = 0. Let i(u) = 0 + u + 0 - f*u. Give i(1).
-12
Let j be (-27)/(-5) - (-12)/(-30). Let p(z) = -7*z + 6*z**2 - j*z**2 + 2 + 0. Suppose -m + 6 = -0*m. Calculate p(m).
-4
Let p = -486 - -488. Let q(a) = -5*a + 1. Determine q(p).
-9
Let w = 8 - 2. Let u(r) = -r**2 + 7*r - 2. Determine u(w).
4
Suppose -3*y = 4*t + 18, 4*y = 2*t + t - 24. Let z be 2/3 + (-20)/y. Let c(i) be the second derivative of i**3/6 + 3*i**2/2 + 9*i. Determine c(z).
7
Let h(x) = 2*x**3 - x**2 - 5*x - 1. Let l(u) = 9*u**3 - 14*u**2 - 15*u - 2. Let v(a) = 5*h(a) - l(a). Calculate v(-10).
-3
Suppose -3*l = -2*s + 2, -s + 0*s - 2*l - 6 = 0. Let u(y) = -7*y - 17. Let w(f) = 21*f + 58. Let q(b) = -7*u(b) - 2*w(b). Determine q(s).
-11
Suppose 4*u = 41 - 1. Let m(a) = -a. Let c be m(-6). Suppose -c*k = -k - u. Let j(v) = v**2 + 2*v. Determine j(k).
8
Let x(i) = i**2 + 4*i + 3. Let z(s) = -s**2 + 8*s + 4. Let t be z(6). Suppose d - 4*h = -t, d = 5*d + 4*h + 4. Calculate x(d).
3
Let r be (-1)/(2/(-2) + 2). Let i(b) be the third derivative of -b**5/60 + b**4/24 + b**3/6 + 14*b**2. Let x be i(r). Let l(t) = -t**2 - 2*t - 1. What is l(x)?
0
Let u(d) be the third derivative of d**5/60 - d**4/12 - d**3/3 - 26*d**2 - 2*d. What is u(3)?
1
Let a = 15 - 17. Let d(z) = 2 - 5*z - 2*z + 0*z + 5*z. Give d(a).
6
Let m(h) = h**2 - 9*h + 9. Let s be m(8). Let o(p) = 315 - 10*p + 13*p - 314. What is o(s)?
4
Let r(y) be the first derivative of 2*y**3 - y**2 - y - 132. Let i(x) = -1 + 2*x**2 - x**2 + 3*x + x**3 - 5*x**2. Let n be i(3). Give r(n).
7
Let a be 3/((-2)/(48/9)). Let n(v) be the second derivative of -v**5/20 - 7*v**4/12 + 7*v**3/6 - 9*v**2/2 - 306*v. Determine n(a).
-1
Let q(z) = 4*z**2 - z - 5. Let d(w) = w**2 - 1. Let s(u) = -u**3 - 13*u**2 - u - 16. Let p be s(-13). Let v(r) = p*d(r) + q(r). Determine v(4).
10
Let u(r) = 31*r + 28. Let d(n) = -13*n - 14. Let b(t) = -7*d(t) - 3*u(t). What is b(6)?
2
Let c(f) = -2*f - 2. Let l(k) = 2*k**3 - 15*k**2 + 16*k - 68. Let s be l(7). Determine c(s).
8
Suppose 125*t - 127*t = -8. Let q = 2 + t. Let g(i) = i**2 - 5*i - 1. What is g(q)?
5
Let b be (-6 - -3) + 24/3. Suppose b*a + 15 = o, 3*o - 5*o - 2*a = 6. Let u(g) = -g**2 + g - 7. Determine u(o).
-7
Let u(k) = 2*k**3 - k**2 - 7*k + 9. Let b(l) = -2*l**3 - 8*l**2 - 13*l - 19. Let w be b(-3). What is u(w)?
7
Let q(f) = -2*f + 0*f - 2*f - 3 + 3*f. Let v be 14/49 - (-4)/(84/15). Let n = v - 1. Calculate q(n).
-3
Let g(a) = -a - 2. Suppose -y + 2*y - 21 = -b, -4*b + 2*y = -54. Suppose 0 = -3*h - 2*h, 2*j - h - 12 = 0. Let f be 15/j*b/20. Determine g(f).
-4
Let o(d) = 26*d**3 - 2*d**2 + 2*d - 1. Suppose 61*y - 48*y - 13 = 0. Give o(y).
25
Let r be 120/28 - (-6)/(-21). Let g(j) = 7*j**2 + 6*j - 10. Let w(b) = 3*b**2 + 3*b - 5. Let d(z) = r*g(z) - 9*w(z). What is d(5)?
15
Let c(d) = 2*d - 19. Let i be c(12). Suppose -6*o + i*o + 5 = 0. Suppose 3*b + 14 - o = 0. Let m(r) = r. What is m(b)?
-3
Suppose 9 = 4*i + 4*f + 33, 4*i + 42 = 5*f. Let g(n) = 2*n + 8. Determine g(i).
-8
Let j(x) = -138 + 154 - 13*x + 7*x. Determine j(3).
-2
Let h(l) = -9*l - 28. Let c(s) = 4*s + 14. Let r(f) = -7*c(f) - 3*h(f). Suppose 13 - 73 = 10*y. Give r(y).
-8
Let h(f) = 7*f**2 + f - 10. Let i(o) = -14*o**2 + 3*o - 20. Let c(p) = 5*p**2 - p + 7. Let k(q) = -17*c(q) - 6*i(q). Let v(s) = -h(s) - 6*k(s). Give v(5).
4
Let q = 64 + -58. Let v be (-8)/(-20) - q/(-10). Let t(b) = 11*b + 20. Let h(k) = 4*k + 7. Let z(c) = -17*h(c) + 6*t(c). What is z(v)?
-1
Let r(g) = -2*g**2 - 3 + 6*g**3 - 2*g**3 - 2*g - 5*g**3. Suppose 0 = z - 4*t - 14, 0*z - z - t - 1 = 0. Suppose -5*v - 6 = -z*v. Calculate r(v).
1
Let o(v) = -6*v - 5. Suppose 5*u = 3*u - 5*c - 29, -2*u = -5*c - 21. Determine o(u).
7
Let x(t) = t**2 - 3*t + 5. Let q be x(4). Let v(r) = 6*r - 9 + 5*r - q*r - r. Determine v(4).
-5
Let l(t) = 0*t**2 + t**2 - 5 + 0 + 13*t - 1 + 8. What is l(-10)?
-28
Suppose 3*c = 2*x + 17, -2*x + c = -3*x - 6. Let f(u) = 5*u - 3*u**2 - 2*u**2 + 3 + 6*u**2 + u + u. Give f(x).
3
Let d(o) = o**3 + o - 1. Let r(k) = -6*k**3 + k**2 - 5*k - 5. Suppose 2*l - 7 = -1. Let i be (-1)/l - 28/6. Let s(c) = i*d(c) - r(c). What is s(0)?
10
Suppose 2*t - 9 = -t, 0 = -2*a + 2*t. Let g(p) = -p**3 - 13*p**2 + 0*p + 15*p**2 + 4*p. Give g(a).
3
Let f = -7/5 - -19/10. Let d(h) be the first derivative of f*h**2 + 8 - 8*h. Give d(0).
-8
Let q(b) = 2*b**2 + 6*b**2 - 8*b**2 - 1 + b + b**2. Let j(d) = 3*d**2 + 8*d - 7. Let h(z) = j(z) - 4*q(z). Suppose 1 = a - 2. What is h(a)?
0
Let y = -2387 - -2390. Let p(u) be the first derivative of u - 3/2*u**2 - 14 - 1/3*u**y. Determine p(-3).
1
Let u(t) = -t + 8. Let y be u(6). Let s(v) = -5*v**2 - 2*v**2 + v - 2*v**2 + 6*v**2. Determine s(y).
-10
Suppose 99*g - 8 = 101*g. Let z(t) = -3*t - 7. Determine z(g).
5
Let h be 3 - ((-6)/2 - -4). Suppose 0 = -q - 1 + h. Let o(k) = -17*k**2 - 2*k + 1. What is o(q)?
-18
Let z(y) = 2*y - 7. Suppose 14 - 45 = 3*m + u, 3*u = -4*m - 48. Let t = 2 - -1. Let h = m + t. Give z(h).
-19
Let z(c) = -c**3 + 12*c**2 + 7*c + 75. Let s be z(13). Let i(x) be the third derivative of x**5/60 + x**4/12 + x**3/3 + 3*x**2. Give i(s).
5
Let z = -255 - -251. Let a(n) = n**3 + 2*n**2 - 2*n + 5. Determine a(z).
-19
Let v(p) = p**2 - 5*p + 6. Suppose -2*d + 3*d + 1 = 0. Let z(j) = 29*j**2 - j + 1. Let q be z(d). Let f = q + -26. Give v(f).
6
Let p(v) be the second derivative of -5*v**4/12 + v**3/3 + v**2 - 18*v. Calculate p(3).
-37
Let h(n) = -7*n + 1. Suppose -2743 = -8*b - 2775. Give h(b).
29
Let l(a) = -8*a + 129. Let q be l(16). Let o(v) = 4*v**2 + 1. Give o(q).
5
Let b(u) = -4*u**3 - 12*u**2 - 13*u + 4. Let p(g) = 3*g**3 + 11*g**2 + 12*g - 4. Let v be (9 - 7)/(2/5). Let t(f) = v*p(f) + 4*b(f). Give t(8).
-4
Let a(q) = q - 6. Let l be 12/36 - (-50)/3. Let r be a(l). Let p(u) = -u**2 + 10*u + 7. Calculate p(r).
-4
Suppose -3*d + 330 - 105 = 42*d. Let r(w) be the second derivative of w**4/12 - w**3/6 - w**2/2 +